 -3 - 4) + -7.
-7
What is the value of 2 + 2 - (12 + -3 + 3)?
-8
-4 - (-6 + -1 - -11)
-8
What is 0 + -1 + (2 - -1 - 1)?
1
-5 - (-5 - -7 - 4)
-3
(-6 - -1) + -7 + (12 - 0)
0
8 + -2 - (-9 + (0 - -13))
2
-1 + 0 + (-8 - -19) + -8
2
What is -2 - -3 - (-8 + 16) - 1?
-8
Calculate -7 + (9 - -3) + -2 + -1.
2
What is the value of -2 + -1 - ((-2 - 5) + 2)?
2
What is the value of (-1 - 1) + 6 + -2?
2
What is the value of (-1 - (3 + -3)) + 12 + -3?
8
Evaluate 2 + -13 + 4 + (8 - 3).
-2
(-8 - -14) + -8 + (4 - 1)
1
Evaluate -11 + 4 + 7 + -2 - -2.
0
What is -43 + 49 + (-1 - 6)?
-1
What is the value of (3 - (2 + -1)) + (8 - 12)?
-2
-5 - ((16 - 12) + -3)
-6
What is the value of 3 + 0 + (2 - 3) - 3?
-1
Calculate (9 - 12) + (0 - (2 - 0)).
-5
What is the value of -5 - -4 - (-6 - 0) - 1?
4
-4 + 1 + -5 + 6
-2
Calculate 2 + -15 + (6 - 1) + 2.
-6
What is -4 + 12 - (-14 + 21)?
1
What is the value of -1 - (1 - 8 - 0) - -2?
8
Calculate -1 + 14 - (130 - 118).
1
What is (0 - (-12 - -7)) + 0?
5
12 - (9 - (12 - 18))
-3
-7 + 7 - (-4 - -2)
2
What is the value of -1 + 8 - (4 + 1)?
2
0 - (11 + -8) - 8
-11
Calculate -1 + 7 + (-20 - -16).
2
-170 + 173 - (-1 + (1 - -4))
-1
Evaluate -3 - (0 - ((1 - 6) + 9)).
1
Calculate 0 + -1 + 0 - (3 + -2).
-2
Evaluate (61 - 58) + -1 + -1.
1
What is the value of -2 - 5 - (-9 + 8)?
-6
(-5 - (8 - 14)) + -1 + 2
2
Calculate (-10 - (-34 - -5)) + -10.
9
Calculate 7 + -6 + -8 - -5.
-2
What is (-2 - ((-2 - 0) + -1)) + 3?
4
1 + -2 + (-7 + 4 - -5)
1
What is the value of 7 + -8 - (2 - (-1 - -1))?
-3
Evaluate 2 - (1 + (-2 - -4) + -4).
3
-12 + 13 + (0 - (0 + 0))
1
What is (-4 - -5) + (4 - 4 - 1)?
0
(5 - 1) + 41 + -42
3
What is the value of 0 - (12 - 15 - (1 - -1))?
5
What is -7 - 1 - (-7 + 3)?
-4
What is 1 + (-3 + 3 - -1) + 1?
3
Calculate 5 - (2 + -14 + 11).
6
What is -5 + 2 + (-7 - -2) - -3?
-5
What is 6 - 3 - (3 - 1)?
1
What is the value of (-1 - (2 - -1)) + 8?
4
What is the value of -5 - (-4 + 6) - -4?
-3
What is -1 + (4 - -1) - (9 + 0)?
-5
(2 - 9) + (3 - 0)
-4
Evaluate 0 - (2 - (3 - (2 + -1))).
0
What is the value of 3 + -3 - (-6 + 2) - 2?
2
(-16 + 11 - -1) + (0 - -11)
7
Evaluate -6 + 3 + 2 + -2.
-3
Evaluate 18 - 30 - (-10 - -1).
-3
What is the value of (11 - 1) + -18 - -8?
0
-1 - (4 - (6 + 0))
1
What is -1 + 18 - 7 - 5 - 4?
1
Evaluate -2 - 3 - (-5 + 3 - 5).
2
-9 + 3 + 5 + 8 + -7
0
What is -1 + (4 - (7 + -1) - 0)?
-3
What is the value of (0 - -9) + (-28 - -18)?
-1
(-8 - 1) + (-14 - (-15 - 5))
-3
What is 5 + 12 + -1 + -7?
9
Calculate 3 + -1 + (3 - 2) + 2.
5
1 - (5 - (7 - 2)) - 3
-2
What is the value of -2 - (-11 + 0 - (0 + -4))?
5
What is -3 - ((-5 - (3 - 4)) + 1)?
0
Calculate -5 - (-18 - -10 - -8).
-5
What is (4 + 0 - 5) + -4?
-5
Evaluate -5 + 5 + (-8 - -5).
-3
What is the value of -2 + (-2 - -8) + (8 - 15)?
-3
2 + (-5 - 3) + (6 - 4)
-4
Calculate -1 + 5 + (-55 - -52).
1
Evaluate (-1 - 1) + 6 + -7.
-3
Evaluate (-39 - -8) + 14 - -14.
-3
Calculate 4 + -1 - 4 - -2.
1
What is the value of -2 + -3 - (-9 + 5 + -1)?
0
What is (-1 + 6 - -5) + -11?
-1
7 - 1 - (-25 + 34)
-3
Calculate 79 + -87 - (1 - 15).
6
-9 + 2 + 3 - -4
0
Calculate -3 + -6 + 3 + 2.
-4
What is 2 - (0 - (1 + -4))?
-1
3 + -6 + -4 + 6
-1
What is the value of -2 + (-2 - 0) + 3 + 1?
0
Calculate 43 + -41 + (-8 - -1).
-5
-4 - -2 - (0 - 3 - 0)
1
What is the value of 3 + -4 - (5 - 0) - -3?
-3
What is (5 - (-6 + 4)) + -5?
2
Calculate 65 - 62 - ((-1 - -1) + 5).
-2
What is 2 - (-3 + (3 - (-14 + 7)))?
-5
Evaluate (-3 - -5) + -11 + 5.
-4
What is the value of 1 + (12 + 6 - 14)?
5
18 - (2 - -12) - (-1 - 1)
6
What is 5 - 2 - (5 + -3)?
1
-9 + 0 + 3 + -55 + 68
7
0 + -2 - (19 - 20)
-1
What is -2 + 17 + -9 + -10 + 0?
-4
-2 - ((0 - 3) + (12 - 10))
-1
What is the value of (5 - 3) + -2 + 3?
3
What is the value of -6 - (-9 - (2 + -7))?
-2
Calculate (2 - 0) + -9 - -10.
3
Evaluate -1 + 0 + 4 - 4.
-1
Evaluate 2 + 2 - (10 + -3).
-3
Calculate 5 + (17 - 9) + (-1 - 5).
7
Evaluate -76 - -69 - ((-1 - 1) + -5).
0
What is -1 + 3 - (13 - 7 - -1)?
-5
Calculate (-1 - -1) + (5 - 0).
5
3 - (6 + 7 - -1)
-11
What is 0 + -3 + 5 - (0 + 4)?
-2
What is 2 - (-4 + (-7 - (7 - 12)))?
8
Evaluate -14 - (-10 + (-8 - -9)).
-5
What is 7 + -8 + 4 + 7 + -7?
3
3 + 1 + -6 - (-1 - 2)
1
1 - -4 - ((4 - 6) + 2)
5
What is 8 + (-2 - (-10 - -12))?
4
Evaluate 0 + 5 + (0 + -2 - -2).
5
Evaluate 6 - 10 - (0 + (-11 - -2)).
5
Evaluate 2 - (8 + -3) - -8.
5
What is -39 + 43 + (6 - 0) - 2?
8
Calculate -20 - -26 - (-1 + -1) - 3.
5
Calculate 3 - 1 - (5 - -2 - 3).
-2
-5 + 10 + -10 + 6
1
1 + -1 + (-3 - -5)
2
Calculate 4 - (-3 - -3) - 0.
4
What is 10 + 1 - (4 - -6)?
1
Calculate -9 + -4 + 17 - (-1 - 2).
7
What is 2 + (1 - (5 + -3 - -2))?
-1
6 + -3 - (10 + -10)
3
Evaluate -5 - (-10 - -2 - 1).
4
Evaluate 11 - 20 - (-2 - 2).
-5
What is the value of (-2 - (-1 - -1)) + -18 + 17?
-3
What is the value of 1 + -5 - (-26 + 25)?
-3
Evaluate 6 + (-2 - (-5 - (5 - 7))).
7
What is -3 + 0 + -1 - (17 - 16)?
-5
Evaluate -2 - (-4 - (-6 - -5)).
1
What is the value of (4 - -4 - (0 - 2)) + -7?
3
Evaluate 3 + 4 + (4 - 6 - 0).
5
3 + -1 + -2 + 5
5
Calculate -2 - (-5 - -1) - (2 - 3).
3
What is the value of 1 - (1 - (6 - 1) - 0)?
5
What is the value of (0 - 4) + 7 + 2?
5
Evaluate -6 + 1 + (-14 - -17) - 3.
-5
Evaluate 2 + 1 - (2 - 4).
5
What is (165 - 170) + (1 - (-6 + 0))?
2
What is 9 - (6 + 0 + -3)?
6
What is the value of (-2 - -1) + -10 + 5 + 2?
-4
What is the value of (-3 - 0) + (8 - (-4 - -14))?
-5
Calculate -2 + -1 + (0 - (0 - 1)).
-2
Evaluate 16 + (-1 - (5 + 2)).
8
Calculate -13 - (-3 - (1 - -2 - 0)).
-7
What is the value of -8 - ((-1 - 6) + 3 - -4)?
-8
What is the value of 1 + -12 - -4 - -5?
-2
What is the value of 3 + (0 - (1 + (3 - 4)))?
3
What is 0 + 3 + -2 + (-101 - -96)?
-4
Calculate -8 + 1 + 3 + 1.
-3
What is the value of 1 + -5 + -1 + 4?
-1
What is the value of (5 - (4 - 6)) + -6?
1
Evaluate 10 + -7 + 2 + -3.
2
Evaluate (-7 - -1) + (23 - 21).
-4
Calculate 1 + -2 + -3 + 8.
4
Calculate -2 - (-3 + 1) - (-31 - -27).
4
What is 3 - ((-4 - -2) + 1 + -1)?
5
Evaluate (-3 - (-4 - -2)) + (56 - 47).
8
Calculate -39 - -44 - (2 + -1).
4
-8 + 18 + -4 + -5
1
7 - -1 - (34 + -25)
-1
What is the value of (-2 - 1 - -5) + 3?
5
Calculate -4 - (-1 + 4 - -2 - 9).
0
What is 4 + -6 + -5 - 0 - -5?
-2
1 + 0 - (0 + 0 + -3)
4
-2 + -4 + 3 + 3
0
What is (5 - (0 + 12 + -4)) + 5?
2
What is -7 + (-7 - -14) - (9 - 9)?
0
What is 3 + -13 + 16 + 2 + -12?
-4
What is -9 - (5 - 5) - -9?
0
Calculate 3 - (0 + 3 + -1).
1
(8 - (-7 + 16)) + -7
-8
0 - (2 + (-2 - -3))
-3
Evaluate (-7 - -3) + 8 + -2.
2
1 - (1 + 3 + -1)
-2
What is the value of 11 + (-7 - -6) + -17?
-7
Evaluate 76 + -64 + -4 + -1.
7
Calculate -14 + (14 - (3 - 2)).
-1
Evaluate (2 - -7 - 5) + -6.
-2
What is 4 - ((-5 - -1) + -20 + 24)?
4
What is (-2 - -5) + -10 - (0 - 16)?
9
(-11 - -4) + 10 - (1 - -3)
-1
Evaluate -24 + 17 + 7 + -7.
-7
Evaluate -7 + (11 - 8) - 0.
-4
What is the value of (6 - (3 - -5)) + (-2 - 0)?
-4
What is -1 + -1 - 5 - (-5 - -2)?
-4
What is 4 - ((0 - -1) + (0 - -2))?
1
What is the value of -12 - (13 + -24) - -9?
8
Calculate 7 - (2 - -8) - (-7 + 1).
3
What is the value of (1 - (-6 + (6 - 0))) + 6?
7
Calculate 1 + 1 + (-33 - -38) + -5.
2
What is the value of (0 - -3) + 6 + -3 - 3?
3
What is -10 + (-20 - -34) - (-1 + 9)?
-4
Evaluate 4 - 5 - (4 - 12).
7
What is 12 - 6 - 5 - -4 - 2?
3
What is 23 + -19 - (0 - -7)?
-3
-9 + 9 - (-6 + 1)
5
(3 - (4 + 1 + -5)) + 1
4
Evaluate 4 - (2 - (6 - 12)).
-4
What is 1 + -5 + -1 + 6?
1
What is the value of (4 - -1) + 6 + -5?
6
3 - (1 + 4) - 2
-4
What is the value of -3 + (-3 - -10) + -1 - 9?
-6
What is -3 + 8 - (3 + -1 + 4)?
-1
What is the value of 13 + -5 - (-6 - -2 - -8)?
4
Calculate (-2 - (-1 - -2)) + (-24 - -25).
-2
1 + 2 - (6 + -7)
4
What is the value of -1 - (2 - (-2 + 2)) - 1?
-4
1 + -4 - (2 + -2) - 0
-3
Calculate 0 + -4 + 2 + 3.
1
What is 3 + (-4 - (3 - 0)) - -13?
9
4 + -3 + 3 + -5 + 3
2
Calculate -13 + 7 + 10 + -6.
-2
Calculate -1 + -3 + (-1 - (3 - 5)).
-3
Evaluate -3 - -9 - (-3 - 1 - -8).
2
Calculate -2 + (0 - -4) + (5 - 3).
4
What is -4 + (4 - (8 + 0 - 8))?
0
Calculate -4 - ((4 - 3) + (-2 - 0)).
-3
What is -5 - -4 - (-2 - (5 + -1))?
5
Calculate -10 - (1 - -7 - 7).
-11
What is the value of -1 + (-4 - -4) - -5?
4
What is (6 - 0) + (-2 + -1 - 0)?
3
Calculate 0 - ((4 - 1) + -68 + 58).
7
-1 + 2 + 2 + -8
-5
-3 + -2 - (-13 + 16